{"id":7900,"date":"2024-10-06T18:01:49","date_gmt":"2024-10-06T18:01:49","guid":{"rendered":"https:\/\/fundaciondanny.org\/home\/?page_id=7900"},"modified":"2024-10-06T18:03:34","modified_gmt":"2024-10-06T18:03:34","slug":"home-school-y-validacion","status":"publish","type":"page","link":"https:\/\/fundaciondanny.org\/home\/?page_id=7900","title":{"rendered":"Home School y Validacion"},"content":{"rendered":"\t\t<div data-elementor-type=\"wp-page\" data-elementor-id=\"7900\" class=\"elementor elementor-7900\">\n\t\t\t\t\t\t<section class=\"elementor-section elementor-top-section elementor-element elementor-element-8add1a8 elementor-section-content-middle elementor-reverse-mobile elementor-section-boxed elementor-section-height-default elementor-section-height-default\" data-id=\"8add1a8\" data-element_type=\"section\" data-e-type=\"section\">\n\t\t\t\t\t\t<div class=\"elementor-container elementor-column-gap-no\">\n\t\t\t\t\t<div class=\"elementor-column elementor-col-50 elementor-top-column elementor-element elementor-element-9706335\" data-id=\"9706335\" data-element_type=\"column\" data-e-type=\"column\">\n\t\t\t<div class=\"elementor-widget-wrap elementor-element-populated\">\n\t\t\t\t\t\t<div class=\"elementor-element elementor-element-d25ba99 elementor-widget elementor-widget-heading\" data-id=\"d25ba99\" data-element_type=\"widget\" data-e-type=\"widget\" data-widget_type=\"heading.default\">\n\t\t\t\t<div class=\"elementor-widget-container\">\n\t\t\t\t\t<h4 class=\"elementor-heading-title elementor-size-default\">APRENDE SISTEMAS<\/h4>\t\t\t\t<\/div>\n\t\t\t\t<\/div>\n\t\t\t\t<div class=\"elementor-element elementor-element-c8cb231 elementor-widget elementor-widget-text-editor\" data-id=\"c8cb231\" data-element_type=\"widget\" data-e-type=\"widget\" data-widget_type=\"text-editor.default\">\n\t\t\t\t<div class=\"elementor-widget-container\">\n\t\t\t\t\t\t\t\t\t<p><strong>Alfabetizaci\u00f3n tecnol\u00f3gica.<\/strong><br \/>Aprender a programar es programar para aprender, vamos m\u00e1s all\u00e1 de ser operadores para ser dise\u00f1adores de sue\u00f1os.<\/p><p><strong>SOFTWARE:<\/strong><br \/>\u2022Introducci\u00f3n a las p\u00e1ginas Web y el internet.<br \/>\u2022Manejo de algoritmos para juegos y aplicaciones en scratch.<br \/>\u2022Como crear aplicaciones Android con App inventor.<br \/>\u2022Manejo de Inkscape como software libre de dise\u00f1o.<br \/>Word, Excel, Power Point, Publisher.<\/p><p><br \/><strong>HARDWARE:<\/strong><br \/>\u2022Ensamble de computadores<br \/>\u2022Mantenimiento correctivo y preventivo<\/p>\t\t\t\t\t\t\t\t<\/div>\n\t\t\t\t<\/div>\n\t\t\t\t\t<\/div>\n\t\t<\/div>\n\t\t\t\t<div class=\"elementor-column elementor-col-50 elementor-top-column elementor-element elementor-element-fe9509c\" data-id=\"fe9509c\" data-element_type=\"column\" data-e-type=\"column\">\n\t\t\t<div class=\"elementor-widget-wrap elementor-element-populated\">\n\t\t\t\t\t\t<div class=\"elementor-element elementor-element-8339356 elementor-widget elementor-widget-image\" data-id=\"8339356\" data-element_type=\"widget\" data-e-type=\"widget\" data-widget_type=\"image.default\">\n\t\t\t\t<div class=\"elementor-widget-container\">\n\t\t\t\t\t\t\t\t\t\t\t\t\t\t\t<img fetchpriority=\"high\" decoding=\"async\" width=\"1125\" height=\"750\" src=\"https:\/\/fundaciondanny.org\/home\/wp-content\/uploads\/2023\/06\/imagen_2023-06-20_222154785.png\" class=\"elementor-animation-bounce-out attachment-full size-full wp-image-7115\" alt=\"\" srcset=\"https:\/\/fundaciondanny.org\/home\/wp-content\/uploads\/2023\/06\/imagen_2023-06-20_222154785.png 1125w, https:\/\/fundaciondanny.org\/home\/wp-content\/uploads\/2023\/06\/imagen_2023-06-20_222154785-400x267.png 400w, https:\/\/fundaciondanny.org\/home\/wp-content\/uploads\/2023\/06\/imagen_2023-06-20_222154785-800x533.png 800w, https:\/\/fundaciondanny.org\/home\/wp-content\/uploads\/2023\/06\/imagen_2023-06-20_222154785-300x200.png 300w, https:\/\/fundaciondanny.org\/home\/wp-content\/uploads\/2023\/06\/imagen_2023-06-20_222154785-1024x683.png 1024w, https:\/\/fundaciondanny.org\/home\/wp-content\/uploads\/2023\/06\/imagen_2023-06-20_222154785-768x512.png 768w\" sizes=\"100vw\" \/>\t\t\t\t\t\t\t\t\t\t\t\t\t\t\t<\/div>\n\t\t\t\t<\/div>\n\t\t\t\t\t<\/div>\n\t\t<\/div>\n\t\t\t\t\t<\/div>\n\t\t<\/section>\n\t\t\t\t<section class=\"elementor-section elementor-top-section elementor-element elementor-element-8744026 elementor-section-content-middle elementor-section-boxed elementor-section-height-default elementor-section-height-default\" data-id=\"8744026\" data-element_type=\"section\" data-e-type=\"section\">\n\t\t\t\t\t\t<div class=\"elementor-container elementor-column-gap-no\">\n\t\t\t\t\t<div class=\"elementor-column elementor-col-50 elementor-top-column elementor-element elementor-element-c53fa3f\" data-id=\"c53fa3f\" data-element_type=\"column\" data-e-type=\"column\">\n\t\t\t<div class=\"elementor-widget-wrap elementor-element-populated\">\n\t\t\t\t\t\t<div class=\"elementor-element elementor-element-87c2af8 elementor-widget elementor-widget-image\" data-id=\"87c2af8\" data-element_type=\"widget\" data-e-type=\"widget\" data-widget_type=\"image.default\">\n\t\t\t\t<div class=\"elementor-widget-container\">\n\t\t\t\t\t\t\t\t\t\t\t\t\t\t\t<img decoding=\"async\" width=\"1125\" height=\"750\" src=\"https:\/\/fundaciondanny.org\/home\/wp-content\/uploads\/2023\/06\/imagen_2023-06-20_222216921.png\" class=\"elementor-animation-wobble-horizontal attachment-full size-full wp-image-7116\" alt=\"\" srcset=\"https:\/\/fundaciondanny.org\/home\/wp-content\/uploads\/2023\/06\/imagen_2023-06-20_222216921.png 1125w, https:\/\/fundaciondanny.org\/home\/wp-content\/uploads\/2023\/06\/imagen_2023-06-20_222216921-400x267.png 400w, https:\/\/fundaciondanny.org\/home\/wp-content\/uploads\/2023\/06\/imagen_2023-06-20_222216921-800x533.png 800w, https:\/\/fundaciondanny.org\/home\/wp-content\/uploads\/2023\/06\/imagen_2023-06-20_222216921-300x200.png 300w, https:\/\/fundaciondanny.org\/home\/wp-content\/uploads\/2023\/06\/imagen_2023-06-20_222216921-1024x683.png 1024w, https:\/\/fundaciondanny.org\/home\/wp-content\/uploads\/2023\/06\/imagen_2023-06-20_222216921-768x512.png 768w\" sizes=\"100vw\" \/>\t\t\t\t\t\t\t\t\t\t\t\t\t\t\t<\/div>\n\t\t\t\t<\/div>\n\t\t\t\t\t<\/div>\n\t\t<\/div>\n\t\t\t\t<div class=\"elementor-column elementor-col-50 elementor-top-column elementor-element elementor-element-ff23137\" data-id=\"ff23137\" data-element_type=\"column\" data-e-type=\"column\">\n\t\t\t<div class=\"elementor-widget-wrap elementor-element-populated\">\n\t\t\t\t\t\t<div class=\"elementor-element elementor-element-4d9bdc6 elementor-widget elementor-widget-heading\" data-id=\"4d9bdc6\" data-element_type=\"widget\" data-e-type=\"widget\" data-widget_type=\"heading.default\">\n\t\t\t\t<div class=\"elementor-widget-container\">\n\t\t\t\t\t<h4 class=\"elementor-heading-title elementor-size-default\">APRENDE M\u00daSICA<\/h4>\t\t\t\t<\/div>\n\t\t\t\t<\/div>\n\t\t\t\t<div class=\"elementor-element elementor-element-d45898c elementor-widget elementor-widget-text-editor\" data-id=\"d45898c\" data-element_type=\"widget\" data-e-type=\"widget\" data-widget_type=\"text-editor.default\">\n\t\t\t\t<div class=\"elementor-widget-container\">\n\t\t\t\t\t\t\t\t\t<p>El aprender a tocar un Instrumento musical potencia-liza nuestra habilidades cognitivas y desarrolla el usos de nuestros dos hemisferios cerebrales.<br \/>\u2022Guitarra<br \/>\u2022Bater\u00eda<br \/>\u2022Bajo<br \/>\u2022Teclados \u2013 Piano<br \/>\u2022T\u00e9cnica Vocal<\/p>\t\t\t\t\t\t\t\t<\/div>\n\t\t\t\t<\/div>\n\t\t\t\t\t<\/div>\n\t\t<\/div>\n\t\t\t\t\t<\/div>\n\t\t<\/section>\n\t\t\t\t<section class=\"elementor-section elementor-top-section elementor-element elementor-element-2eeea47 elementor-section-content-middle elementor-reverse-mobile elementor-section-boxed elementor-section-height-default elementor-section-height-default\" data-id=\"2eeea47\" data-element_type=\"section\" data-e-type=\"section\">\n\t\t\t\t\t\t<div class=\"elementor-container elementor-column-gap-no\">\n\t\t\t\t\t<div class=\"elementor-column elementor-col-50 elementor-top-column elementor-element elementor-element-06930a0\" data-id=\"06930a0\" data-element_type=\"column\" data-e-type=\"column\">\n\t\t\t<div class=\"elementor-widget-wrap elementor-element-populated\">\n\t\t\t\t\t\t<div class=\"elementor-element elementor-element-a1479d1 elementor-widget elementor-widget-heading\" data-id=\"a1479d1\" data-element_type=\"widget\" data-e-type=\"widget\" data-widget_type=\"heading.default\">\n\t\t\t\t<div class=\"elementor-widget-container\">\n\t\t\t\t\t<h4 class=\"elementor-heading-title elementor-size-default\">HomeSchool<\/h4>\t\t\t\t<\/div>\n\t\t\t\t<\/div>\n\t\t\t\t<div class=\"elementor-element elementor-element-f0b47aa elementor-widget elementor-widget-text-editor\" data-id=\"f0b47aa\" data-element_type=\"widget\" data-e-type=\"widget\" data-widget_type=\"text-editor.default\">\n\t\t\t\t<div class=\"elementor-widget-container\">\n\t\t\t\t\t\t\t\t\t<p><span class=\"WdYUQQ text-decoration-none text-strikethrough-none\">\u00bfQu\u00e9 ofrecen nuestras plataformas educativas?<\/span><\/p><ul><li><span class=\"WdYUQQ text-decoration-none text-strikethrough-none\">Matem\u00e1tica Intensiva<\/span><\/li><li><span class=\"WdYUQQ text-decoration-none text-strikethrough-none\">Flexibilidad horaria<\/span><\/li><li><span class=\"WdYUQQ text-decoration-none text-strikethrough-none\">Tutor\u00edas personalizadas<\/span><\/li><li><span class=\"WdYUQQ text-decoration-none text-strikethrough-none\">Reportes trimestrales<\/span><\/li><li><span class=\"WdYUQQ text-decoration-none text-strikethrough-none\">Programa Biling\u00fce<\/span><\/li><li><span class=\"WdYUQQ text-decoration-none text-strikethrough-none\">Software adaptado<\/span><\/li><li><span class=\"WdYUQQ text-decoration-none text-strikethrough-none\">Proyecto de vida<\/span><\/li><li><span class=\"WdYUQQ text-decoration-none text-strikethrough-none\">100% online<\/span><\/li><\/ul><p>\u00a0<\/p>\t\t\t\t\t\t\t\t<\/div>\n\t\t\t\t<\/div>\n\t\t\t\t\t<\/div>\n\t\t<\/div>\n\t\t\t\t<div class=\"elementor-column elementor-col-50 elementor-top-column elementor-element elementor-element-f9ddc75\" data-id=\"f9ddc75\" data-element_type=\"column\" data-e-type=\"column\">\n\t\t\t<div class=\"elementor-widget-wrap elementor-element-populated\">\n\t\t\t\t\t\t<div class=\"elementor-element elementor-element-69296ac elementor-widget elementor-widget-image\" data-id=\"69296ac\" data-element_type=\"widget\" data-e-type=\"widget\" data-widget_type=\"image.default\">\n\t\t\t\t<div class=\"elementor-widget-container\">\n\t\t\t\t\t\t\t\t\t\t\t\t\t\t\t<img decoding=\"async\" width=\"1125\" height=\"750\" src=\"https:\/\/fundaciondanny.org\/home\/wp-content\/uploads\/2023\/06\/imagen_2023-06-20_222653318.png\" class=\"elementor-animation-buzz-out attachment-full size-full wp-image-7121\" alt=\"\" srcset=\"https:\/\/fundaciondanny.org\/home\/wp-content\/uploads\/2023\/06\/imagen_2023-06-20_222653318.png 1125w, https:\/\/fundaciondanny.org\/home\/wp-content\/uploads\/2023\/06\/imagen_2023-06-20_222653318-400x267.png 400w, https:\/\/fundaciondanny.org\/home\/wp-content\/uploads\/2023\/06\/imagen_2023-06-20_222653318-800x533.png 800w, https:\/\/fundaciondanny.org\/home\/wp-content\/uploads\/2023\/06\/imagen_2023-06-20_222653318-300x200.png 300w, https:\/\/fundaciondanny.org\/home\/wp-content\/uploads\/2023\/06\/imagen_2023-06-20_222653318-1024x683.png 1024w, https:\/\/fundaciondanny.org\/home\/wp-content\/uploads\/2023\/06\/imagen_2023-06-20_222653318-768x512.png 768w\" sizes=\"100vw\" \/>\t\t\t\t\t\t\t\t\t\t\t\t\t\t\t<\/div>\n\t\t\t\t<\/div>\n\t\t\t\t\t<\/div>\n\t\t<\/div>\n\t\t\t\t\t<\/div>\n\t\t<\/section>\n\t\t\t\t<section class=\"elementor-section elementor-top-section elementor-element elementor-element-eae633e elementor-section-content-middle elementor-reverse-mobile elementor-section-boxed elementor-section-height-default elementor-section-height-default\" data-id=\"eae633e\" data-element_type=\"section\" data-e-type=\"section\">\n\t\t\t\t\t\t<div class=\"elementor-container elementor-column-gap-no\">\n\t\t\t\t\t<div class=\"elementor-column elementor-col-50 elementor-top-column elementor-element elementor-element-39e66f2\" data-id=\"39e66f2\" data-element_type=\"column\" data-e-type=\"column\">\n\t\t\t<div class=\"elementor-widget-wrap elementor-element-populated\">\n\t\t\t\t\t\t<div class=\"elementor-element elementor-element-064047a elementor-widget elementor-widget-heading\" data-id=\"064047a\" data-element_type=\"widget\" data-e-type=\"widget\" data-widget_type=\"heading.default\">\n\t\t\t\t<div class=\"elementor-widget-container\">\n\t\t\t\t\t<h4 class=\"elementor-heading-title elementor-size-default\">VALIDACI\u00d3N DE BACHILLERATO ANTE EL ICFES<\/h4>\t\t\t\t<\/div>\n\t\t\t\t<\/div>\n\t\t\t\t<div class=\"elementor-element elementor-element-d79c59d elementor-widget elementor-widget-text-editor\" data-id=\"d79c59d\" data-element_type=\"widget\" data-e-type=\"widget\" data-widget_type=\"text-editor.default\">\n\t\t\t\t<div class=\"elementor-widget-container\">\n\t\t\t\t\t\t\t\t\t<p>El Objetivo del curso es ofrecer a las personas mayores de 18 a\u00f1os, que por diversas razones no pudieron culminar su bachillerato en instituciones educativas regulares, una capacitaci\u00f3n integral para poder obtener el t\u00edtulo de bachiller acad\u00e9mico aprobando el examen de validaci\u00f3n ante el ICFES.El curso est\u00e1 conformado por las \u00e1reas de: Lenguaje y lectura critica, Matem\u00e1ticas, Sociales y competencias ciudadanas, Ciencias Naturales e Ingl\u00e9s. Con el apoyo de un m\u00e9todo acad\u00e9mico comprobado, se ayudara a cada estudiante a desarrollar una serie de competencias en cada una de las \u00e1reas anteriormente listadas..<\/p>\t\t\t\t\t\t\t\t<\/div>\n\t\t\t\t<\/div>\n\t\t\t\t\t<\/div>\n\t\t<\/div>\n\t\t\t\t<div class=\"elementor-column elementor-col-50 elementor-top-column elementor-element elementor-element-0a92c9b\" data-id=\"0a92c9b\" data-element_type=\"column\" data-e-type=\"column\">\n\t\t\t<div class=\"elementor-widget-wrap elementor-element-populated\">\n\t\t\t\t\t\t<div class=\"elementor-element elementor-element-9fae4e8 elementor-widget elementor-widget-image\" data-id=\"9fae4e8\" data-element_type=\"widget\" data-e-type=\"widget\" data-widget_type=\"image.default\">\n\t\t\t\t<div class=\"elementor-widget-container\">\n\t\t\t\t\t\t\t\t\t\t\t\t\t\t\t<img loading=\"lazy\" decoding=\"async\" width=\"1125\" height=\"750\" src=\"https:\/\/fundaciondanny.org\/home\/wp-content\/uploads\/2023\/06\/imagen_2023-06-20_224951408.png\" class=\"elementor-animation-grow-rotate attachment-full size-full wp-image-7144\" alt=\"\" srcset=\"https:\/\/fundaciondanny.org\/home\/wp-content\/uploads\/2023\/06\/imagen_2023-06-20_224951408.png 1125w, https:\/\/fundaciondanny.org\/home\/wp-content\/uploads\/2023\/06\/imagen_2023-06-20_224951408-400x267.png 400w, https:\/\/fundaciondanny.org\/home\/wp-content\/uploads\/2023\/06\/imagen_2023-06-20_224951408-800x533.png 800w, https:\/\/fundaciondanny.org\/home\/wp-content\/uploads\/2023\/06\/imagen_2023-06-20_224951408-300x200.png 300w, https:\/\/fundaciondanny.org\/home\/wp-content\/uploads\/2023\/06\/imagen_2023-06-20_224951408-1024x683.png 1024w, https:\/\/fundaciondanny.org\/home\/wp-content\/uploads\/2023\/06\/imagen_2023-06-20_224951408-768x512.png 768w\" sizes=\"100vw\" \/>\t\t\t\t\t\t\t\t\t\t\t\t\t\t\t<\/div>\n\t\t\t\t<\/div>\n\t\t\t\t\t<\/div>\n\t\t<\/div>\n\t\t\t\t\t<\/div>\n\t\t<\/section>\n\t\t\t\t<section class=\"elementor-section elementor-top-section elementor-element elementor-element-0a3278a elementor-section-content-middle elementor-section-boxed elementor-section-height-default elementor-section-height-default\" data-id=\"0a3278a\" data-element_type=\"section\" data-e-type=\"section\">\n\t\t\t\t\t\t<div class=\"elementor-container elementor-column-gap-no\">\n\t\t\t\t\t<div class=\"elementor-column elementor-col-50 elementor-top-column elementor-element elementor-element-e809305\" data-id=\"e809305\" data-element_type=\"column\" data-e-type=\"column\">\n\t\t\t<div class=\"elementor-widget-wrap elementor-element-populated\">\n\t\t\t\t\t\t<div class=\"elementor-element elementor-element-8259d8c elementor-widget elementor-widget-image\" data-id=\"8259d8c\" data-element_type=\"widget\" data-e-type=\"widget\" data-widget_type=\"image.default\">\n\t\t\t\t<div class=\"elementor-widget-container\">\n\t\t\t\t\t\t\t\t\t\t\t\t\t\t\t<img loading=\"lazy\" decoding=\"async\" width=\"1124\" height=\"750\" src=\"https:\/\/fundaciondanny.org\/home\/wp-content\/uploads\/2023\/06\/imagen_2023-06-21_133905489.png\" class=\"elementor-animation-wobble-vertical attachment-full size-full wp-image-7153\" alt=\"\" srcset=\"https:\/\/fundaciondanny.org\/home\/wp-content\/uploads\/2023\/06\/imagen_2023-06-21_133905489.png 1124w, https:\/\/fundaciondanny.org\/home\/wp-content\/uploads\/2023\/06\/imagen_2023-06-21_133905489-400x267.png 400w, https:\/\/fundaciondanny.org\/home\/wp-content\/uploads\/2023\/06\/imagen_2023-06-21_133905489-800x534.png 800w, https:\/\/fundaciondanny.org\/home\/wp-content\/uploads\/2023\/06\/imagen_2023-06-21_133905489-300x200.png 300w, https:\/\/fundaciondanny.org\/home\/wp-content\/uploads\/2023\/06\/imagen_2023-06-21_133905489-1024x683.png 1024w, https:\/\/fundaciondanny.org\/home\/wp-content\/uploads\/2023\/06\/imagen_2023-06-21_133905489-768x512.png 768w\" sizes=\"100vw\" \/>\t\t\t\t\t\t\t\t\t\t\t\t\t\t\t<\/div>\n\t\t\t\t<\/div>\n\t\t\t\t\t<\/div>\n\t\t<\/div>\n\t\t\t\t<div class=\"elementor-column elementor-col-50 elementor-top-column elementor-element elementor-element-d222f57\" data-id=\"d222f57\" data-element_type=\"column\" data-e-type=\"column\">\n\t\t\t<div class=\"elementor-widget-wrap elementor-element-populated\">\n\t\t\t\t\t\t<div class=\"elementor-element elementor-element-02317ca elementor-widget elementor-widget-heading\" data-id=\"02317ca\" data-element_type=\"widget\" data-e-type=\"widget\" data-widget_type=\"heading.default\">\n\t\t\t\t<div class=\"elementor-widget-container\">\n\t\t\t\t\t<h4 class=\"elementor-heading-title elementor-size-default\">CAPACITACI\u00d3N DOCENTE<\/h4>\t\t\t\t<\/div>\n\t\t\t\t<\/div>\n\t\t\t\t<div class=\"elementor-element elementor-element-ad1ae8f elementor-widget elementor-widget-text-editor\" data-id=\"ad1ae8f\" data-element_type=\"widget\" data-e-type=\"widget\" data-widget_type=\"text-editor.default\">\n\t\t\t\t<div class=\"elementor-widget-container\">\n\t\t\t\t\t\t\t\t\t<p>Cursos teorico pr\u00e1cticos para docentes y directivos que permiten ingreso, reubicaci\u00f3n y ascenso en el escalaf\u00f3n decreto 1278 de evaluaci\u00f3n de competencias.<br \/><strong>Permite:<\/strong><br \/>\u2022 Definir las caracter\u00edsticas b\u00e1sicas de una evaluaci\u00f3n de competencias.<br \/>\u2022 Afrontar eficazmente la evaluaci\u00f3n de competencias, seg\u00fan los lineamientos nacionales de evaluaci\u00f3n docente.<br \/>\u2022 Mejorar las competencias b\u00e1sicas (competencia lectora y l\u00f3gico-matem\u00e1tica).<br \/>\u2022 Contextualizar las bases te\u00f3ricas de la pedagog\u00eda, la did\u00e1ctica, el curr\u00edculo y marco legal en la pr\u00e1ctica de la educaci\u00f3n en Colombia.<\/p>\t\t\t\t\t\t\t\t<\/div>\n\t\t\t\t<\/div>\n\t\t\t\t\t<\/div>\n\t\t<\/div>\n\t\t\t\t\t<\/div>\n\t\t<\/section>\n\t\t\t\t<\/div>\n\t\t","protected":false},"excerpt":{"rendered":"<p>APRENDE SISTEMAS Alfabetizaci\u00f3n tecnol\u00f3gica.Aprender a programar es programar para aprender, vamos m\u00e1s all\u00e1 de ser operadores para ser dise\u00f1adores de sue\u00f1os. SOFTWARE:\u2022Introducci\u00f3n a las p\u00e1ginas Web y el internet.\u2022Manejo de algoritmos para juegos y aplicaciones en scratch.\u2022Como crear aplicaciones Android con App inventor.\u2022Manejo de Inkscape como software libre de dise\u00f1o.Word, Excel, Power Point, Publisher. HARDWARE:\u2022Ensamble &hellip; <\/p>\n<p class=\"link-more\"><a href=\"https:\/\/fundaciondanny.org\/home\/?page_id=7900\" class=\"more-link\">Leer m\u00e1s<span class=\"screen-reader-text\"> \u00abHome School y Validacion\u00bb<\/span><\/a><\/p>\n","protected":false},"author":1,"featured_media":0,"parent":0,"menu_order":0,"comment_status":"closed","ping_status":"closed","template":"","meta":{"footnotes":""},"class_list":["post-7900","page","type-page","status-publish","hentry"],"_links":{"self":[{"href":"https:\/\/fundaciondanny.org\/home\/index.php?rest_route=\/wp\/v2\/pages\/7900","targetHints":{"allow":["GET"]}}],"collection":[{"href":"https:\/\/fundaciondanny.org\/home\/index.php?rest_route=\/wp\/v2\/pages"}],"about":[{"href":"https:\/\/fundaciondanny.org\/home\/index.php?rest_route=\/wp\/v2\/types\/page"}],"author":[{"embeddable":true,"href":"https:\/\/fundaciondanny.org\/home\/index.php?rest_route=\/wp\/v2\/users\/1"}],"replies":[{"embeddable":true,"href":"https:\/\/fundaciondanny.org\/home\/index.php?rest_route=%2Fwp%2Fv2%2Fcomments&post=7900"}],"version-history":[{"count":4,"href":"https:\/\/fundaciondanny.org\/home\/index.php?rest_route=\/wp\/v2\/pages\/7900\/revisions"}],"predecessor-version":[{"id":7904,"href":"https:\/\/fundaciondanny.org\/home\/index.php?rest_route=\/wp\/v2\/pages\/7900\/revisions\/7904"}],"wp:attachment":[{"href":"https:\/\/fundaciondanny.org\/home\/index.php?rest_route=%2Fwp%2Fv2%2Fmedia&parent=7900"}],"curies":[{"name":"wp","href":"https:\/\/api.w.org\/{rel}","templated":true}]}}