{"id":7599,"date":"2023-07-23T21:43:15","date_gmt":"2023-07-23T21:43:15","guid":{"rendered":"https:\/\/fundaciondanny.org\/home\/?post_type=product&#038;p=7599"},"modified":"2025-09-02T10:31:40","modified_gmt":"2025-09-02T10:31:40","slug":"formulario-usa-work-and-travel","status":"publish","type":"product","link":"https:\/\/fundaciondanny.org\/home\/?product=formulario-usa-work-and-travel","title":{"rendered":"FORMULARIO ENTREVISTA DE PROFUNDIDAD USA Au Pair"},"content":{"rendered":"<p>El Formulario de Inscripci\u00f3n de la Fundaci\u00f3n Educativa Danny es un recurso descargable que ofrece nuestra organizaci\u00f3n para facilitar el proceso de inscripci\u00f3n en nuestros programas educativos e intercambios culturales. Dise\u00f1ado para ser pr\u00e1ctico y f\u00e1cil de usar, este formulario descargable proporciona una soluci\u00f3n eficiente para capturar informaci\u00f3n importante de los\u00a0 interesados en participar en nuestras actividades educativas y \/o programas.<\/p>\n<p>Al descargar nuestro formulario de inscripci\u00f3n, los interesados podr\u00e1n completar su informaci\u00f3n de manera f\u00e1cil y r\u00e1pida, permiti\u00e9ndonos agilizar el proceso de inscripci\u00f3n y brindar una experiencia m\u00e1s eficiente a nuestros participantes. En la Fundaci\u00f3n\u00a0 Danny, creemos que el acceso a una educaci\u00f3n de calidad debe ser accesible para todos, y este formulario de inscripci\u00f3n descargable es un paso m\u00e1s hacia ese objetivo.<\/p>\n","protected":false},"excerpt":{"rendered":"<p style=\"text-align: center;\"><strong>Viaja a estados Unidos y trabaja, aprende ingles, haz amigos, <\/strong><\/p>\n<p style=\"text-align: center;\"><strong>conoce nuevas experiencias y emp\u00e1pate de su cultura<\/strong><\/p>\n","protected":false},"featured_media":7702,"comment_status":"open","ping_status":"closed","template":"","meta":[],"product_brand":[],"product_cat":[71],"product_tag":[],"class_list":{"0":"post-7599","1":"product","2":"type-product","3":"status-publish","4":"has-post-thumbnail","6":"product_cat-formularios","8":"first","9":"instock","10":"downloadable","11":"virtual","12":"purchasable","13":"product-type-simple"},"_links":{"self":[{"href":"https:\/\/fundaciondanny.org\/home\/index.php?rest_route=\/wp\/v2\/product\/7599","targetHints":{"allow":["GET"]}}],"collection":[{"href":"https:\/\/fundaciondanny.org\/home\/index.php?rest_route=\/wp\/v2\/product"}],"about":[{"href":"https:\/\/fundaciondanny.org\/home\/index.php?rest_route=\/wp\/v2\/types\/product"}],"replies":[{"embeddable":true,"href":"https:\/\/fundaciondanny.org\/home\/index.php?rest_route=%2Fwp%2Fv2%2Fcomments&post=7599"}],"version-history":[{"count":6,"href":"https:\/\/fundaciondanny.org\/home\/index.php?rest_route=\/wp\/v2\/product\/7599\/revisions"}],"predecessor-version":[{"id":8134,"href":"https:\/\/fundaciondanny.org\/home\/index.php?rest_route=\/wp\/v2\/product\/7599\/revisions\/8134"}],"wp:featuredmedia":[{"embeddable":true,"href":"https:\/\/fundaciondanny.org\/home\/index.php?rest_route=\/wp\/v2\/media\/7702"}],"wp:attachment":[{"href":"https:\/\/fundaciondanny.org\/home\/index.php?rest_route=%2Fwp%2Fv2%2Fmedia&parent=7599"}],"wp:term":[{"taxonomy":"product_brand","embeddable":true,"href":"https:\/\/fundaciondanny.org\/home\/index.php?rest_route=%2Fwp%2Fv2%2Fproduct_brand&post=7599"},{"taxonomy":"product_cat","embeddable":true,"href":"https:\/\/fundaciondanny.org\/home\/index.php?rest_route=%2Fwp%2Fv2%2Fproduct_cat&post=7599"},{"taxonomy":"product_tag","embeddable":true,"href":"https:\/\/fundaciondanny.org\/home\/index.php?rest_route=%2Fwp%2Fv2%2Fproduct_tag&post=7599"}],"curies":[{"name":"wp","href":"https:\/\/api.w.org\/{rel}","templated":true}]}}