{"id":8160,"date":"2025-09-02T10:23:18","date_gmt":"2025-09-02T10:23:18","guid":{"rendered":"https:\/\/fundaciondanny.org\/home\/?post_type=product&#038;p=8160"},"modified":"2025-09-02T10:23:18","modified_gmt":"2025-09-02T10:23:18","slug":"asesoria-personalizada-para-empleo-educacion-y-reunificacion-familiar-en-europa","status":"publish","type":"product","link":"https:\/\/fundaciondanny.org\/home\/?product=asesoria-personalizada-para-empleo-educacion-y-reunificacion-familiar-en-europa","title":{"rendered":"Asesor\u00eda Personalizada para Empleo, Educaci\u00f3n y Reunificaci\u00f3n Familiar en Europa"},"content":{"rendered":"<p>La <strong data-start=\"66\" data-end=\"150\">Asesor\u00eda Personalizada para Empleo, Educaci\u00f3n y Reunificaci\u00f3n Familiar en Europa<\/strong> es un servicio dise\u00f1ado para orientar de manera clara y pr\u00e1ctica a quienes buscan nuevas oportunidades en el extranjero. Brindamos informaci\u00f3n actualizada, recomendaciones estrat\u00e9gicas y acompa\u00f1amiento cercano para facilitar procesos laborales, educativos y de reunificaci\u00f3n familiar, ofreciendo a cada persona o familia una gu\u00eda confiable que les permita tomar decisiones seguras y construir un futuro con confianza en Europa.<\/p>\n","protected":false},"excerpt":{"rendered":"<p>La Asesor\u00eda Personalizada para Empleo, Educaci\u00f3n y Reunificaci\u00f3n Familiar en Europa es un servicio dise\u00f1ado para orientar de manera clara y pr\u00e1ctica a quienes buscan nuevas oportunidades en el extranjero. Brindamos informaci\u00f3n actualizada, recomendaciones estrat\u00e9gicas y acompa\u00f1amiento cercano para facilitar procesos laborales, educativos y de reunificaci\u00f3n familiar, ofreciendo a cada persona o familia una gu\u00eda &hellip; <\/p>\n<p class=\"link-more\"><a href=\"https:\/\/fundaciondanny.org\/home\/?product=asesoria-personalizada-para-empleo-educacion-y-reunificacion-familiar-en-europa\" class=\"more-link\">Leer m\u00e1s<span class=\"screen-reader-text\"> \u00abAsesor\u00eda Personalizada para Empleo, Educaci\u00f3n y Reunificaci\u00f3n Familiar en Europa\u00bb<\/span><\/a><\/p>\n","protected":false},"featured_media":8162,"comment_status":"open","ping_status":"closed","template":"","meta":[],"product_brand":[],"product_cat":[16],"product_tag":[],"class_list":{"0":"post-8160","1":"product","2":"type-product","3":"status-publish","4":"has-post-thumbnail","6":"product_cat-sin-categorizar","8":"first","9":"instock","10":"shipping-taxable","11":"purchasable","12":"product-type-simple"},"_links":{"self":[{"href":"https:\/\/fundaciondanny.org\/home\/index.php?rest_route=\/wp\/v2\/product\/8160","targetHints":{"allow":["GET"]}}],"collection":[{"href":"https:\/\/fundaciondanny.org\/home\/index.php?rest_route=\/wp\/v2\/product"}],"about":[{"href":"https:\/\/fundaciondanny.org\/home\/index.php?rest_route=\/wp\/v2\/types\/product"}],"replies":[{"embeddable":true,"href":"https:\/\/fundaciondanny.org\/home\/index.php?rest_route=%2Fwp%2Fv2%2Fcomments&post=8160"}],"version-history":[{"count":1,"href":"https:\/\/fundaciondanny.org\/home\/index.php?rest_route=\/wp\/v2\/product\/8160\/revisions"}],"predecessor-version":[{"id":8163,"href":"https:\/\/fundaciondanny.org\/home\/index.php?rest_route=\/wp\/v2\/product\/8160\/revisions\/8163"}],"wp:featuredmedia":[{"embeddable":true,"href":"https:\/\/fundaciondanny.org\/home\/index.php?rest_route=\/wp\/v2\/media\/8162"}],"wp:attachment":[{"href":"https:\/\/fundaciondanny.org\/home\/index.php?rest_route=%2Fwp%2Fv2%2Fmedia&parent=8160"}],"wp:term":[{"taxonomy":"product_brand","embeddable":true,"href":"https:\/\/fundaciondanny.org\/home\/index.php?rest_route=%2Fwp%2Fv2%2Fproduct_brand&post=8160"},{"taxonomy":"product_cat","embeddable":true,"href":"https:\/\/fundaciondanny.org\/home\/index.php?rest_route=%2Fwp%2Fv2%2Fproduct_cat&post=8160"},{"taxonomy":"product_tag","embeddable":true,"href":"https:\/\/fundaciondanny.org\/home\/index.php?rest_route=%2Fwp%2Fv2%2Fproduct_tag&post=8160"}],"curies":[{"name":"wp","href":"https:\/\/api.w.org\/{rel}","templated":true}]}}

Asesoría Personalizada para Empleo, Educación y Reunificación Familiar en Europa

<p>La <strong data-start="66" data-end="150">Asesoría Personalizada para Empleo, Educación y Reunificación Familiar en Europa</strong> es un servicio diseñado para orientar de manera clara y práctica a quienes buscan nuevas oportunidades en el extranjero. Brindamos información actualizada, recomendaciones estratégicas y acompañamiento cercano para facilitar procesos laborales, educativos y de reunificación familiar, ofreciendo a cada persona o familia una guía confiable que les permita tomar decisiones seguras y construir un futuro con confianza en Europa.</p>

<p>La Asesoría Personalizada para Empleo, Educación y Reunificación Familiar en Europa es un servicio diseñado para orientar de manera clara y práctica a quienes buscan nuevas oportunidades en el extranjero. Brindamos información actualizada, recomendaciones estratégicas y acompañamiento cercano para facilitar procesos laborales, educativos y de reunificación familiar, ofreciendo a cada persona o familia una guía &hellip; </p>
<p class="link-more"><a href="https://fundaciondanny.org/home/?product=asesoria-personalizada-para-empleo-educacion-y-reunificacion-familiar-en-europa" class="more-link">Leer más<span class="screen-reader-text"> «Asesoría Personalizada para Empleo, Educación y Reunificación Familiar en Europa»</span></a></p>
